86*g - 79120. Give n(-9).
35
Let c(b) = 214*b + 3471. Calculate c(-16).
47
Let y(f) = -76*f**2 - 3037*f - 2801. What is y(-39)?
46
Let t(l) = 12*l**2 + 100*l - 1300. Give t(6).
-268
Let l(s) = -25763*s + 24583. What is l(1)?
-1180
Let v(s) = 26605*s - 79853. Give v(3).
-38
Let f(c) = -921*c + 150155. Calculate f(163).
32
Let r(i) = -8*i**2 + 139*i + 973. Give r(11).
1534
Let a(v) = -5*v**2 - 8907*v - 53271. Determine a(-6).
-9
Let h(z) = -3*z**3 + 1498*z**2 - 602*z + 51406. Calculate h(499).
9
Let z(p) = -500*p + 3207. Give z(7).
-293
Let u(t) = -26*t**2 + 48*t - 50. What is u(1)?
-28
Let d(y) = y**2 + 6085*y - 903258. Determine d(145).
92
Let k(v) = 3*v**3 + 239*v**2 + 593*v - 1766. Give k(-77).
5
Let i(s) = 27173*s + 164025. Give i(-6).
987
Let a(r) = -214*r - 2530. Give a(-15).
680
Let b(j) = -5*j**2 - 28392*j + 541241. Determine b(19).
-12
Let c(n) = -2100*n + 60874. Calculate c(29).
-26
Let z(p) = 549*p**2 - 2747*p + 72. Determine z(5).
62
Let w(k) = 1001*k**2 + 19977*k - 833. Give w(-20).
27
Let t(x) = 10*x**2 - 990*x - 5184. What is t(-5)?
16
Let d(m) = 763*m + 20526. Calculate d(-27).
-75
Let v(s) = -s**2 + 116*s - 2474. Give v(32).
214
Let w(v) = -v**3 - 10*v**2 + 104*v + 132. Determine w(-16).
4
Let y(u) = -10079*u - 978070. Determine y(-97).
-407
Let i(a) = 16*a**2 + 486*a + 446. What is i(-30)?
266
Let r(f) = f**3 - 275*f**2 + 16263*f - 9. What is r(86)?
765
Let t(b) = 20671*b - 247697. Calculate t(12).
355
Let a(d) = -58*d**2 + 809*d + 39. Give a(14).
-3
Let n(m) = -236*m**2 + 2111*m + 151. Calculate n(9).
34
Let m(h) = 6*h - 579. Calculate m(7).
-537
Let i(a) = -2*a**3 + 1264*a**2 + 1276*a - 6249. Calculate i(633).
81
Let d(u) = 6*u + 67. Calculate d(44).
331
Let j(c) = 12*c**2 + 850*c + 1504. Give j(-69).
-14
Let d(r) = r**3 - 8*r**2 - 505*r + 4024. Give d(8).
-16
Let f(r) = -r**3 - 16*r**2 - 4783*r - 76493. Give f(-16).
35
Let b(y) = -2*y**3 - 284*y**2 - 164*y - 23426. Calculate b(-142).
-138
Let a(z) = -1197*z + 411700. Determine a(344).
-68
Let c(z) = -2*z**2 - 287*z - 3540. Give c(-130).
-30
Let a(h) = 2300*h - 140364. Give a(61).
-64
Let f(i) = -i**2 - 6368*i - 1269369. Give f(-206).
3
Let t(w) = w**2 + 513*w - 2664. Determine t(-518).
-74
Let h(k) = 108*k + 7739. What is h(-73)?
-145
Let d(v) = 7187*v - 150983. Calculate d(21).
-56
Let s(g) = 463*g - 82598. Calculate s(178).
-184
Let p(x) = -6*x**2 + 283*x - 534. Give p(33).
2271
Let d(w) = -572096*w + 1716329. Determine d(3).
41
Let z(m) = 1934*m + 1968847. Give z(-1018).
35
Let d(w) = -29*w**2 + 2126*w + 10593. Give d(78).
-15
Let r(v) = 4176*v - 29427. Give r(7).
-195
Let u(i) = 2694*i + 4288851. Calculate u(-1592).
3
Let g(t) = -91*t**2 - 626*t + 108. Determine g(-7).
31
Let t(h) = -82*h**2 - 1153*h - 62. Calculate t(-14).
8
Let v(p) = 71*p**3 - 1278*p**2 + 31*p + 3. What is v(18)?
561
Let b(p) = -175*p - 13536. What is b(-72)?
-936
Let s(h) = -2*h**3 + 133*h**2 + 977*h + 72. What is s(-7)?
436
Let a(s) = -1674747*s + 13397994. What is a(8)?
18
Let i(c) = -5*c**2 - 1812*c - 149668. Calculate i(-127).
-189
Let w(l) = 17029*l - 85131. What is w(5)?
14
Let u(x) = -2*x**3 + 23*x**2 + 36*x - 277. Give u(12).
11
Let p(d) = 2*d**3 + 153*d**2 - 904*d - 241. Calculate p(-82).
-77
Let h(c) = -c**2 - 539*c + 2161. Determine h(4).
-11
Let s(r) = -r**3 - 121*r**2 - 798*r + 319. Calculate s(-114).
319
Let h(o) = 243180*o - 1945420. Give h(8).
20
Let n(r) = -r**3 + 120*r**2 - 5*r + 15271. Give n(121).
25
Let p(q) = 441*q - 21061. Give p(48).
107
Let r(i) = i**3 + 141*i**2 + 209*i - 9259. What is r(-139)?
332
Let a(n) = -6*n**2 - 496*n + 3920. Determine a(-90).
-40
Let g(l) = -20*l**2 + 571*l - 760. What is g(12)?
3212
Let l(f) = f**3 + 945*f**2 - 9169*f + 363899. Give l(-955).
44
Let p(s) = 2*s**3 - 52*s**2 + 535*s - 2402. Determine p(12).
-14
Let h(m) = -3*m**3 - 166*m**2 + 73*m + 343. Give h(-56).
2527
Let t(q) = q**3 - 57*q**2 + 243*q - 736. Give t(52).
-1620
Let d(i) = 17*i**3 + 208*i**2 - 6*i + 72. Determine d(-12).
720
Let q(r) = 139*r**2 - 263*r + 12. What is q(3)?
474
Let z(c) = 36*c**2 + 536*c - 954. Give z(-17).
338
Let w(s) = 20059*s - 19296765. Determine w(962).
-7
Let q(y) = 3847*y - 1246428. Determine q(324).
0
Let r(g) = -g**3 - 21*g**2 + 841*g + 883. Determine r(-41).
22
Let s(l) = 5972*l + 1498982. Determine s(-251).
10
Let s(c) = 14*c**3 + 4904*c**2 + 9812*c + 4. Calculate s(-2).
-116
Let n(i) = -i**2 - 79*i - 1632. Determine n(-38).
-74
Let c(w) = 65*w**2 + 1601*w + 11524. Calculate c(-7).
3502
Let y(c) = 11*c**3 - 1403*c**2 + 42337*c - 30. Calculate y(49).
19
Let y(n) = 610*n + 17862. What is y(-29)?
172
Let o(z) = -1659*z + 17617. Give o(11).
-632
Let i(v) = 1200*v - 972026. Give i(810).
-26
Let n(p) = 1205584*p + 24111683. What is n(-20)?
3
Let f(z) = -271*z**2 - 28030*z + 16012. What is f(-104)?
-4
Let n(l) = 28*l**3 + 24*l**2 + 74*l + 301. Calculate n(-4).
-1403
Let z(n) = -n**3 + 111*n**2 - 826*n + 281. Determine z(103).
75
Let v(p) = -4262*p + 127894. Give v(30).
34
Let y(a) = 162092*a + 648455. What is y(-4)?
87
Let n(u) = u**2 - 187*u - 1441. Give n(193).
-283
Let g(k) = -206*k**2 - 281*k + 276. Calculate g(1).
-211
Let i(x) = 1226*x - 4886. What is i(4)?
18
Let u(o) = 428*o + 3399. Calculate u(-9).
-453
Let m(j) = 5*j**3 - 1086*j**2 + 214*j + 656. Give m(217).
5
Let h(l) = -l**2 - 17*l + 1633. Give h(-50).
-17
Let d(v) = -3*v**2 + 9129*v - 440125. What is d(49)?
-7
Let l(r) = -346*r**2 + 16*r + 32. Calculate l(-2).
-1384
Let n(x) = 7*x**2 + 1756*x + 3273. Give n(-249).
36
Let v(g) = -g**2 - 114*g + 1070. Determine v(-106).
1918
Let u(p) = -4*p**3 + 166*p**2 + 40*p - 4992. What is u(41)?
10
Let m(k) = k**3 - 29*k**2 + 244*k - 751. Determine m(20).
529
Let h(c) = c**2 + 245*c - 6272. Determine h(-267).
-398
Let b(l) = 28*l**2 + 9546*l - 1034. Calculate b(-341).
-352
Let s(r) = -48*r**3 - 142*r**2 + 139*r + 5. Calculate s(1).
-46
Let p(y) = 8*y**2 - 2136*y + 16949. Determine p(8).
373
Let k(t) = 2*t**2 - 100*t - 32021. What is k(154)?
11
Let w(h) = -1334*h + 18528. What is w(14)?
-148
Let u(a) = -434732*a - 4347344. Calculate u(-10).
-24
Let z(m) = -m**3 - 112*m**2 - 2111*m + 20207. Calculate z(-84).
-37
Let s(k) = -149*k + 13320. Determine s(83).
953
Let t(c) = 161262*c - 967582. Calculate t(6).
-10
Let z(q) = q**3 - 13*q**2 - 82*q - 125. Calculate z(-12).
-2741
Let s(a) = 33*a - 1543. Determine s(74).
899
Let w(v) = 39*v**2 + 304*v - 82. Give w(-8).
-18
Let o(z) = 252*z + 5170. Calculate o(-36).
-3902
Let t(s) = 2*s**2 + 420*s - 64292. Determine t(104).
1020
Let l(y) = 20*y**2 - 205*y - 47. Calculate l(13).
668
Let q(b) = -b**3 - 113*b**2 - 517*b + 2471. Calculate q(-108).
-13
Let c(s) = 3248*s + 71571. What is c(-22)?
115
Let l(m) = -2798*m - 1530501. What is l(-547)?
5
Let r(n) = -115545*n - 577708. Calculate r(-5).
17
Let y(g) = -2*g**2 - 185987*g + 185986. Determine y(1).
-3
Let h(n) = -27972*n - 195810. Give h(-7).
-6
Let y(r) = 33*r**3 - 3*r**2 - 11864*r + 11864. What is y(1)?
30
Let w(f) = 110*f**2 - 66*f + 251. Determine w(4).
1747
Let z(l) = 3*l**3 + 43*l**2 + 134*l - 91. Calculate z(-9).
-1
Let p(k) = k**3 + 50*k**2 - 618*k + 111. What is p(-60)?
1191
Let q(z) = -16*z**2 - 318*z - 2. What is q(-20)?
-42
Let r(z) = -32810*z + 32807. Give r(1).
-3
Let c(h) = -h**3 - 195*h**2 - 832*h - 12874. Determine c(-191).
114
Let q(c) = 74*c - 7183. Calculate q(99).
143
Let z(t) = -4*t**2 + 323*t - 1588. Calculate z(75).
137
Let u(z) = 5700*z - 353272. What is u(62)?
128
Let n(r) = -69*r**3 + 759*r**2 + 13*r - 58. What is n(11)?
85
Let h(u) = -57763*u - 288613. Determine h(-5).
202
Let s(g) = g**2 + 4239*g - 16945. Determine s(4).
27
Let m(c) = -6*c**3 + 43*c**2 - 144*c + 670. Determine m(6).
58
Let h(z) = -2252*z + 22481. Give h(10).
-39
Let z(b) = 182*b - 312. What is z(2)?
52
Let z(c) = -305*c**2 - 2756*c - 53. Give z(-9).
46
Let i(g) = -4486*g**2 - 354364*g + 2380. Calculate i(-79).
10
Let w(s) = -4*s**3 - 706*s**2 + 354*s - 167. Calculate w(-177).
-167
Let d(a) = -28067*a + 2161153. Calculate d(77).
-6
Let v(i) = 214*i - 16387. What is v(67)?
-2049
Let u(c) = 965*c + 108384. Determine u(-115).
-2591
Let a(j) = -5109*j - 112383. What is a(-22)?
15
Let p(u) = -2*u**2 - 714*u - 2103. What is p(-3)?
21
Let f(v) = -2*v**2 + 221*v + 9891. Give f(145).
-114